 = b + 2*b, -5*b = 2*o - p. What is the tens digit of o?
3
Let o = -85 + 124. Suppose 67 = 3*y + 4*m, -8*y + 3*m - 24 = -9*y. Suppose -y = -d + 5*a, 3*d - 2*a - a - o = 0. What is the tens digit of d?
1
Let g(y) = 4*y**2 - y + 2. Let c be g(3). Let s = c - 16. Let q = s + 15. What is the tens digit of q?
3
Suppose -511 = -g + 2*j, 5*g - 2555 = j + 4*j. What is the tens digit of g?
1
Let y(f) = 2*f**2 - 7*f - 6. Let s be y(6). What is the units digit of (s + -12)*(-3)/(-4)?
9
Suppose 0 = -13*d + 32389 + 5532. What is the thousands digit of d?
2
Let u = -68 + 29. Let q = -34 - u. Suppose k + 4*s - 2 - 2 = 0, q*k + 3*s - 20 = 0. What is the units digit of k?
4
Suppose 0 = -0*s - 2*s. Suppose n - 2 = s, -3*n + 4 = -3*a + 2*n. Suppose a = l - 0*l. What is the units digit of l?
2
Suppose -3*y = -2*k + 3*k - 76, 3*k - 5*y - 158 = 0. Let x = k - 40. What is the tens digit of x?
2
Let z be ((-8)/(-6))/((-4)/(-72)). Suppose u + 0*u - z = 0. What is the tens digit of u?
2
Suppose x + 0 = 4. Suppose 2*k + x = 2*d + 26, 4*d - 2*k + 42 = 0. Let h = d - -16. What is the units digit of h?
6
Suppose 0 = -5*z + 10. Suppose -3*o = -9, -z*n - o = 3*n - 318. What is the tens digit of n?
6
Let c = -345 - -988. What is the tens digit of c?
4
Suppose -15 = -0*y - 3*y. Suppose -y*o - 15 = 4*t - 152, 5*o + 127 = 4*t. Suppose c = -10 + t. What is the units digit of c?
3
Let f(w) = 2*w - 8*w + 3*w + 17. Suppose -5*m + 5*h - 70 = 0, 4*m + 5*h = 2*m + 7. What is the units digit of f(m)?
4
Let v be ((2 - 0) + -1)/(2/(-10)). Let g(t) = -4 + 4 + t + 12. What is the units digit of g(v)?
7
Let h(p) = p + 6. Suppose 5*n - 9 = 1. Let k be ((-4)/n)/((-8)/36). What is the units digit of h(k)?
5
Let n(f) = 4656*f - 166. What is the hundreds digit of n(1)?
4
Let d be (1/3)/((-3)/(-90)). Suppose 3*i = 2*i + d. Let v(p) = -p**2 + 12*p - 1. What is the tens digit of v(i)?
1
Let m = -3518 + 5935. What is the hundreds digit of m?
4
What is the units digit of (-4*1575/168)/(3/(-188))?
0
Let g(z) = -z**2 - 8*z + 11. Let r be g(-10). Suppose 60 = -10*c + 8*c. Let f = r - c. What is the tens digit of f?
2
Let z(x) = -x**2 + 6*x - 6. Let t be z(3). Suppose -6 = -t*a - u + 9, 25 = 5*a - 2*u. Suppose -a = 6*p - 7*p. What is the units digit of p?
5
Let i be (6/(-4))/(3 + (-33)/12). What is the hundreds digit of 107 + 6/(-3 - i) - 0?
1
Let d be 1/(-2)*-6 + 3. Let p be (1 - (0 + -3)) + -1. Suppose d*v = 3*v + 9, p*z - 21 = -5*v. What is the units digit of z?
2
Let m(p) be the third derivative of -15*p**4/8 - 7*p**3 + 11*p**2. What is the tens digit of m(-5)?
8
Let x(b) = b**3 + 3*b**2 + 1. Let j be x(-3). Let v(a) = 7*a + j + 3*a + 3. What is the tens digit of v(2)?
2
Let l(j) be the third derivative of -j**5/60 + 11*j**4/24 - 2*j**3/3 - 16*j**2. Let w be (35/(-10))/((-2)/4). What is the tens digit of l(w)?
2
Suppose -3*k + 1707 = -540. Suppose 5*n = -2*p + k, 157 + 157 = 2*n - 4*p. What is the units digit of n?
1
Let j be (-5)/10 + (-3)/(18/723). Let y = 343 + j. What is the tens digit of y?
2
Let h(z) = -z**2 + 6*z - 6. Let x be h(6). Let y = 12 + x. Let s(w) = -w**3 + 5*w**2 + 9*w - 5. What is the tens digit of s(y)?
1
Let p = -2625 - -5901. What is the tens digit of p?
7
Let d be (-2)/9 - 18460/(-45). Suppose 0 = -5*y - 0*y + d. What is the tens digit of y?
8
Let u = -21 - -55. Let b = u + -21. Let m = b - -9. What is the tens digit of m?
2
What is the units digit of ((-78)/39)/(8/(-10))*212?
0
Let j(f) be the third derivative of -f**4/24 - 11*f**3/6 + 2*f**2. Let h be j(-14). What is the units digit of (1 + -1)/h + 31?
1
Let v = 16 + -12. Suppose -v*j - 68 = -8*j. Let z = 8 + j. What is the tens digit of z?
2
Let z(s) = -36*s + 159. What is the tens digit of z(-20)?
7
Let h(v) = -21*v + 2. Let b be h(-1). Let k = -11 + b. What is the units digit of k?
2
Let l = 29 + -29. Let k = -5 + 8. Suppose 10 = 2*m, l = 5*w + k*m - 0*m - 215. What is the tens digit of w?
4
Suppose 3*s - 6*s = -3. Let d be (1 - s)/(-2 - -5). Suppose -2*z + 18 = -d*z. What is the units digit of z?
9
Suppose 22*r - 7338 = 10438. What is the tens digit of r?
0
Let x = 9173 - 5345. What is the units digit of x?
8
Let z = -220 + 129. Let g be (0 + 7)*(-1560)/z. Suppose 0*q = -3*q + g. What is the units digit of q?
0
Let r(a) = a**3 - 23*a**2 - 26*a + 50. Let h be r(24). Suppose -h*w - 15*w = -5168. What is the tens digit of w?
0
What is the tens digit of 2526/(-7)*(-8 - (-130)/39)?
8
Suppose -21 = m + f + 3*f, -46 = 3*m - 5*f. Let o = 13 - m. Suppose k - o = 4*d, 12 - 3 = k + 3*d. What is the units digit of k?
8
Let q(a) = a**3 + 8*a**2 - 21*a - 15. Let l be q(-10). What is the units digit of (1 - l/(-3))/((-7)/1638)?
6
Let t(l) be the third derivative of -l**4/24 - l**3/3 + 4*l**2. Let c be t(-7). What is the tens digit of (c/(-10))/((-2)/44)?
1
Suppose -4*n + 25 = -3*d, 3*n + 45 = -2*d - 0*n. Let p(q) = q**2 + 14*q + 14. What is the units digit of p(d)?
9
Let g(z) = 8*z**2 + 21*z - 4. What is the tens digit of g(8)?
7
Let l(f) = f**3 - 3*f**2 - 3*f + 3. Let x be 2*(68/8 + -3). Suppose 2*a - 3*n + 9 = 5*a, 2*a = 3*n + x. What is the units digit of l(a)?
7
Let j be 98/(-5) - (-6)/(-15). Let q = -6 - j. What is the units digit of q?
4
Suppose 2*g - 4*g + 3284 = 2*t, -3*t = 2*g - 4924. Let v be 3/(-2)*t/(-30). Let s = v - 46. What is the units digit of s?
6
Let m be -1*255*(-24)/(-60). Let w = 2 - m. Suppose 4*i - 40 - w = 0. What is the units digit of i?
6
Suppose 3*n - 2*z = 8956, -2977 = 3*n - 4*n - z. What is the hundreds digit of n?
9
Suppose 4*q - 13 - 15 = 0. Let i = 7 - q. Suppose 66 = l - y, -y + 206 = -i*l + 3*l. What is the units digit of l?
8
What is the hundreds digit of 3356/8*(1 - (-3 + 2))?
8
Let f(t) = 129*t + 370. What is the hundreds digit of f(8)?
4
Let p = 10328 + -5388. What is the units digit of p?
0
Let l = -126 - -134. Let p(d) = 3 - 3 + 5*d. What is the units digit of p(l)?
0
Suppose -5*t = -0*t - 10. Let l be 9/t*(-24)/(-18). Suppose 3*c - 36 = -l. What is the tens digit of c?
1
Suppose -4*k - 2*h - 2*h + 640 = 0, -h - 468 = -3*k. Let v = 288 - k. What is the tens digit of v?
3
Let a(i) = 8*i**3 - 6*i**2 + 6*i - 1. What is the hundreds digit of a(3)?
1
Let g = 2456 + -1648. What is the hundreds digit of g?
8
Suppose 4*s = -3*v - s + 616, -4*v + 823 = 5*s. What is the tens digit of v?
0
Suppose 8 = 2*f + 2*f. Suppose 4*u - 156 = -5*j + f*j, u + 171 = 3*j. What is the tens digit of j?
5
Suppose -5*x - 4*o + 7370 + 3563 = 0, 0 = 3*x - 4*o - 6579. What is the tens digit of x?
8
Let r be (-4 - -9) + -3 + 2. Let w be (-2)/r*8 + 35. Let j = w - 20. What is the tens digit of j?
1
Let v(f) = -f**3 + 4*f**2 + 6*f + 2. Suppose 20 = -2*u + 7*u. What is the units digit of v(u)?
6
Let x(m) = 56*m + 1. Let p be x(7). Suppose 228 + p = 3*y. What is the units digit of y?
7
Let v be ((-28)/8)/(-7)*0. Let p(d) = d**3 - d**2 + d + 41. Let n be p(v). Suppose -a - 2*r + n = 0, -2*r = -3*a + r + 78. What is the tens digit of a?
3
Let d(a) = -64*a + 3. Let z be d(-3). Let w = z + -134. Let t = w + -40. What is the units digit of t?
1
Suppose 2505 = 2*v - 3663. What is the units digit of v?
4
Suppose -c + 183 = 5*h, -5*c - 3*h + 961 = -h. Suppose 133 + c = 2*p. What is the units digit of p?
3
Suppose -9116 - 10852 = -32*u. What is the hundreds digit of u?
6
Let v(x) = -x**2 + 3*x + 4. Let a be v(3). Suppose -4*u = i - a - 16, u + 4*i = 20. Suppose 98 = 2*s - 5*g, -u*g + 4 - 20 = 0. What is the units digit of s?
9
Let w(d) = -d**3 - 5*d**2 - 5*d + 5. Let g(k) = -k**3 + 7*k**2 - 5. Let p be g(7). What is the tens digit of w(p)?
3
Suppose -d - 1820 - 3365 = -5*i, 5*d + 25 = 0. What is the hundreds digit of i?
0
Let l = -6 - -23. Suppose 4*m = l + 15. What is the tens digit of (-2)/4 - (-140)/m?
1
Let f(l) = -58*l - 7. What is the tens digit of f(-3)?
6
Let g(y) = y + 3. Let j be g(17). What is the units digit of (-2252)/(-10) - (-4 - (-84)/j)?
5
Let s(n) be the third derivative of -n**4/12 - 17*n**3/6 - 9*n**2. Let x(t) = -t + 1. Let q(k) = s(k) + 4*x(k). What is the units digit of q(-6)?
3
Let c = -90 - -1071. What is the units digit of c?
1
Suppose 2988 = 5*y - 4*g, -4*y + 8*g - 13*g + 2415 = 0. What is the tens digit of y?
0
Let w = 2745 - 552. What is the tens digit of w?
9
Let p = 421 - 280. What is the units digit of p?